pose -s = v - 86969, -345*v + 346*v + 3*s = 86969. Is v a composite number?
False
Let h(t) = -3072*t - 26. Suppose 2*z + 3 = x - 4, 0 = -3*x - 4*z - 29. Let y be h(x). Let s = 14295 - y. Is s prime?
False
Let z = -500 + 544. Let m(i) = 5*i**2 - 49*i + 77. Is m(z) prime?
False
Let m = 288169 - 121186. Is m a prime number?
False
Suppose -i + 55643 = -2*c - 15366, -5*i + 355010 = -3*c. Suppose 7*a - 55288 = i. Is a prime?
True
Let r = -413 - -410. Is (r/(-4))/((-1)/(-29476)) prime?
False
Suppose 10533*n + 76295 = 10534*n. Is n composite?
True
Is (-5 - (-370435)/20) + (7 - 108/16) a composite number?
False
Let g(f) = 39713*f + 108. Is g(1) composite?
False
Suppose 137178 = -t - 4*j, 3*j = 4*t + 475031 + 73624. Is (-6)/(-9) + t/(-18) a prime number?
True
Let a(f) = 656477*f**2 + f - 17. Is a(-1) prime?
True
Let o = 20 + -79. Let t = -91 - o. Is 624/t*4/(-6) a prime number?
True
Suppose -71338 = 422*y + 428*y - 852*y. Is y a composite number?
True
Let d = -31 + 31. Suppose -5*p - 4*n + 27 + 307 = 0, 4*p - 2*n - 288 = d. Is (-20)/p - (-471)/7 prime?
True
Suppose -4*k - 3*b = -96518 - 387854, 5*k - 3*b = 605465. Is k a composite number?
True
Suppose -11*d + 9 + 13 = 0. Suppose 6*z + 1352 = d*u + 2*z, -u = -z - 671. Suppose -u = -o + 121. Is o prime?
True
Let i(p) = 2*p**2 - 5*p + 2. Let g be i(2). Suppose g = 5*y + 5*m - 15, -y - 3 + 1 = -4*m. Suppose -4*x + x - 77 = -y*l, -4*x = -l + 41. Is l composite?
False
Suppose -40*l + 2*o - 602 = -38*l, 2*l + 607 = 3*o. Let n = 1677 - l. Is n composite?
False
Let z(w) = -96*w**3 - 2*w**2 - 2*w - 3. Let y be z(-3). Suppose -2*v + 3001 + y = 0. Is v prime?
True
Let f be -5 - -3 - 897/(-3). Let s = f + 916. Suppose 0 = -4*t - 5*y + 95 + 1513, 2*y = -3*t + s. Is t composite?
True
Let x be 170/(-51)*(-3)/2. Suppose -d - 2*n + 19008 = 3*d, 0 = -3*d - x*n + 14263. Is d a composite number?
False
Suppose 5*f = 2*q + 300629, 5*f - 32*q + 33*q - 300638 = 0. Is f a composite number?
False
Let a = 528 + -529. Is 3*(a - (-60284)/21) a composite number?
False
Is (-4918564)/(-8)*212/742 a composite number?
False
Let i(f) = -29*f + 1. Let y be i(-1). Suppose 8*q + y = 5*u + 4*q, -5*q - 35 = -5*u. Suppose -4*d + 299 = 3*h, -d - u*d - 3*h + 222 = 0. Is d a prime number?
False
Suppose 0 = 4*f + 4*w + 6 - 2, 3*w = f - 3. Let m = -140 + 294. Suppose -c + 103 + m = f. Is c composite?
False
Suppose -43*d = -37*d + 126. Let f(m) = -24*m - 73. Is f(d) composite?
False
Is 455/364*507820/25 prime?
True
Let t(m) = -m**3 - 6*m**2 + 6*m + 1. Let u be t(-5). Let n = u - -59. Suppose 4*s = 3*s - 1, -5559 = -4*f - n*s. Is f a prime number?
False
Let x(t) = -t**3 - 53*t**2 + 177*t + 58. Is x(-83) a composite number?
False
Is ((-5)/15 - 36791/(-15))/(72/1260) prime?
False
Let r = -56 - -65. Suppose -r*q - 4389 = -30*q. Is q composite?
True
Let f(q) = -8633*q + 9424. Is f(-59) a prime number?
False
Suppose -21 = u - 40. Suppose 20*p = u*p + 2. Is 1/(p - (-1143)/(-573)) a composite number?
False
Suppose 11*j = 281725 + 111492. Is j a composite number?
False
Let y(d) = -287*d + 6*d**2 + 8 + 9 + 305*d. Is y(16) a prime number?
False
Let n(j) = -3 + 2 - 41*j + 0 + 8. Suppose 0 = o - 5*y + 22, 0 = 2*o + y + 22. Is n(o) prime?
True
Suppose -c + 7 = 8, -1198357 = -5*o + 2*c. Is o prime?
True
Let j(s) be the second derivative of 3*s**5/20 - s**4/2 - 5*s**3/6 - 41*s. Let w be j(6). Let r = -241 + w. Is r composite?
True
Suppose 0 = 5*s - y - 249249, -4*s - 5*y + 112223 = -87153. Is s composite?
True
Let m = -59 + 66. Let w be 49/2*(0 - (m - 5)). Is (-4)/(-14) + 2035*(-7)/w a prime number?
False
Let c be (2 - (-22452)/10) + 12/(-60). Suppose -5*f = 2*g - c, f + g - 3 = 447. Is f a composite number?
False
Let s(r) = -3*r**2 - 96*r + 35. Suppose 2*z = -z - 78. Is s(z) prime?
True
Let s(r) = -26*r**3 - 8*r**2 + 49*r + 217. Is s(-36) a composite number?
False
Let o(d) = d**2 + d - 2. Let h be o(-3). Suppose 3*r = h*i + 2026, -1336 = -2*r + 4*i - 5*i. Is ((-58)/4)/((-5)/r) a composite number?
True
Let b be (-4)/((-3)/(15 - 3)*-4). Let l be ((-94)/b - (-21)/(-14)) + -4. Is ((-24)/l)/(4/(-66)) a composite number?
True
Suppose 2*s - o = -0*o - 9, -2*o = -10. Let v(j) be the second derivative of 37*j**4/12 - j**3/6 - j**2/2 + j + 658. Is v(s) a composite number?
False
Let o(u) = u**3 + 13*u**2 + 35*u - 9. Let m be o(-9). Suppose 7*t - 65009 = -m*t. Is t composite?
True
Let w(y) = -2*y**3 + 4*y**2 + 10*y + 13. Let b = 231 + -360. Let g = b + 121. Is w(g) a composite number?
False
Let r(p) = p**3 + 4*p**2 + 3*p - 2. Let g be r(-3). Let k(n) = 4*n + 209*n**2 - 17 - 187*n**2 + 0*n + 20. Is k(g) prime?
True
Let n = 587 + -135. Suppose 445*y + 34027 = n*y. Is y composite?
False
Let h(x) = -2*x**3 - 26*x**2 + 11*x + 19. Let l(p) = 3*p**3 + 26*p**2 - 12*p - 20. Let y(c) = 4*h(c) + 3*l(c). Is y(31) a prime number?
False
Let s(l) = 17375*l + 332. Is s(1) a composite number?
False
Suppose -49403001 = 348*i - 477*i. Is i composite?
True
Let y be (5 - 36415)/(-5) + 6. Let s = y - 4085. Is s prime?
True
Let l(s) = -25*s - 220. Let k be l(-9). Suppose -y - k*y = -1068. Is y a composite number?
True
Suppose 0 = -8*v + 14*v - 160428. Suppose 0 = -11*i + v + 29681. Is i composite?
True
Let n(i) be the third derivative of -1/20*i**5 + 7*i**2 + 7/6*i**3 - 1/24*i**4 + 0 + 1/30*i**6 + 0*i. Is n(3) a composite number?
True
Let q(g) = 9158*g**2 + 292*g - 27. Is q(-7) composite?
True
Suppose 0 = 4*p - 6*p + 4, -3*n - 3*p + 6 = 0. Suppose -3*q - 3 = n, -k + 1889 = 2*q + q. Let l = k + -937. Is l a composite number?
True
Is (9992196/72 - (-6)/2)/(3/6) composite?
False
Let h(a) = -29*a + 80. Let w be h(3). Let r(y) = -13*y**3 + 2*y**2 - 6*y - 2. Is r(w) a prime number?
True
Suppose -3*u - 2*p + 25847 = 0, -5*u = p - 5*p - 43115. Suppose 0 = -5*q - 9765 - 10655. Let c = q + u. Is c prime?
False
Suppose 5*b = 3*x + 18, -8*x + 5*x - 6 = -b. Suppose -b*d + 2*y + 5279 = 0, -6*y + 8789 = 5*d - 7*y. Is d prime?
False
Let r = 788 + -775. Suppose 4*u = 18*a - r*a - 591, 3*u + 357 = 3*a. Is a composite?
True
Suppose 2*t - 69848 = -2*p, 4*t + 3*p - 71045 - 68654 = 0. Is t a prime number?
False
Suppose 3*r + 49291 = k, 27*k - 49267 = 26*k - 9*r. Is k a prime number?
False
Let x = -60 + 46. Let d be (36/21 - -1) + (-4)/x. Suppose 6*m - 7608 = 2*m - 2*l, d*m = 2*l + 5699. Is m a prime number?
True
Let x = 26 + -24. Suppose -x*t + 474 = -690. Let z = t - -49. Is z prime?
True
Suppose 0 = -427*o + 426*o + 68767. Is o a composite number?
False
Suppose 59*m - 56*m - 1137 = 0. Let o = m + 1087. Suppose 4*a - 1470 = -g, -o = -g + 4*a - 9*a. Is g a prime number?
False
Let v(j) be the third derivative of -j**5/30 + 5*j**4/12 + j**3/2 + j**2 - 1. Let t be v(6). Let d(w) = -w**3 + 4*w**2 + 47*w + 5. Is d(t) a prime number?
False
Let f = -11129 + 26031. Let t = 27473 - f. Is t prime?
False
Let d(k) = 3*k + 39. Let l be d(-17). Is l*7/(-28) + 3784 a composite number?
True
Suppose 0 = -4*c - 5*n - 210255, 306010 - 43181 = -5*c + 4*n. Is c/(-21) - (-30)/(-315) a prime number?
True
Let l(h) = 837*h**2 - 185*h + 3. Is l(-14) a prime number?
False
Let z(g) = -1501*g - 3043. Is z(-45) composite?
True
Let s = 65 + -66. Is 1*(s + -2336)/(-3) a composite number?
True
Let u = -252352 + 2510393. Is u a prime number?
True
Let b = 18625 - -12814. Is b a prime number?
False
Suppose 10*h - 14657 = 15743. Suppose h = 3*m + 673. Is m composite?
True
Let w(u) = 8668*u + 3291. Is w(59) composite?
True
Let m = -112 + 115. Let d(n) = -7*n - 233*n - m + 8. Is d(-2) a composite number?
True
Let d be ((-664)/(-20))/(((-24)/710)/(-6)). Suppose s - 3*g - d = 0, -s - 4*g = -2*g - 5903. Is s composite?
True
Suppose -11*a + 17*a - 24 = 0. Is 0 - (-2162)/(a/2) a composite number?
True
Let d(r) = 519*r**2 - 11*r + 43. Let j be d(5). Let a = j + -6824. Is a a prime number?
False
Let n = -32 + 34. Suppose 2*p + n*j = 1220, -p - 4*j + 447 + 169 = 0. Suppose -1100 = -4*s + p. Is s prime?
False
Let a(r) = -r + 7. Let z be a(18). Let k(b) = b**3 + 12*b**2 + 5. Let i be k(z). Let l = i - 41. Is l a composite number?
True
Let v(q) = -219*q**3 - q**2 + 17*q - 35. Is v(-8) prime?
True
Let c(m) = 4*m**2 + 3*m. Let v be c(-2). Suppose 11*l - v*l = 0. Suppose -4*n = 3*a - 3343, l*n = a + 4*n - 1109. Is a composite?
False
Let b be (-880)/64*(104/(-2) - 0). 